(-23 + (31 - 18))?
14
Evaluate -8 - (-18 + 10 + 1).
-1
(-11 - (-27 + -2 + -10)) + -9
19
What is -15 + -11 + 18 + -3 - -30?
19
Calculate -7 + (-7 - (-4 + 6)) - -6 - -10.
0
What is the value of -5 - (-2 - -2 - (15 - 11))?
-1
Calculate 0 + (4 - -4 - (28 + -3 + -7)).
-10
Evaluate (-152 - -171) + (1 - 20).
0
What is the value of 1 + (-1 - -6) - (-4 - (1 - -3))?
14
Evaluate -9 + -18 + 50 - 21.
2
What is 22 - (10 - (0 + -6 + 10) - 0)?
16
-12 + (5 - 0) + (-91 - -73)
-25
Evaluate -8 + (14 - -39) + -15.
30
Evaluate (2 - (0 - 6)) + (29 - (36 - 4)).
5
What is the value of -6 + (-5 - 8) + 16?
-3
(-7 - 11 - -21) + 9 + 2
14
(12 - (24 - 6)) + -1
-7
Calculate 7 + -8 - (-7 - -9 - 2).
-1
-25 - (-3 + -3 - (-18 - (15 + -27)))
-25
What is 0 + -4 - (-507 + 467)?
36
What is 5 + (40 - 12) + -17?
16
Evaluate -6 + 32 + -6 - (14 - 3).
9
Evaluate -8 + 1 + -17 + 12.
-12
Calculate (6 - 12 - 6) + 14.
2
What is 30 + 7 - 26 - -7?
18
Evaluate 12 - (18 + (-11 + 7 - -18)).
-20
Calculate 20 - 41 - (0 + 1) - -6.
-16
Evaluate -35 + (21 + -33 - -12) + (1 - 0).
-34
What is -30 + -2 + 1 + (-79 - -55 - -29)?
-26
-28 + (16 + 4 - -15)
7
Evaluate 19 + (-22 - -2) + 13.
12
What is 43 + -34 - (17 + 2)?
-10
Calculate (-6 - (-19 - (-8 - 0))) + 16 + -24.
-3
Calculate -13 - (-4 + 8) - (-6 - 2).
-9
What is (-1 - (6 - 7)) + -4 + 9?
5
Evaluate 17 - ((-21 - -52) + -2).
-12
Evaluate (-235 + 227 - (4 + 1)) + 0.
-13
217 + -163 - (-11 + 46)
19
Calculate 13 - ((-12 - (-5 - -3)) + 11).
12
50 - (-52 + 15 + 61)
26
What is the value of (14 - (-10 - (3 + -26))) + 9?
10
What is (-37 - (-12 - 6)) + 12?
-7
Evaluate 1 + (69 - 37) + -13.
20
Calculate -3 - (-8 + 19 + -11).
-3
What is -1 + 18 + -42 + 31?
6
Evaluate (38 - 47) + -10 + 22.
3
What is (8 - (8 - 3)) + 8?
11
Evaluate 5 + -4 + 1 - (8 + -13 + 14).
-7
-5 + (7 - 5 - (13 - 7))
-9
What is the value of (1 - -72) + -1684 + 1643?
32
(13 - (12 + -9 + 6)) + -6
-2
Calculate -6 - 9 - ((-7 - -5) + 2 + -5).
-10
Calculate 18 + -2 - (165 + -151).
2
Evaluate 7 - 20 - (3 - -7).
-23
Evaluate (-12 - -6) + -16 + 21.
-1
Evaluate -4 + -3 + (8 - (-7 - -16)) + 5.
-3
Evaluate (8 + -1 - -1) + (-234 - -227) + -7.
-6
What is the value of -1 - (8 + (-22 - (1 - 3) - -7))?
4
-5 + 20 + -13 + 1 + (-9 - -2)
-4
What is the value of 16 - (46 + -17) - -14?
1
Calculate -24 - -23 - (-1 - (-2 - (4 + -3))).
-3
What is the value of -18 + (-7 - (-8 + -10 + 9))?
-16
Evaluate 2 - -10 - 8 - (27 + 0).
-23
2 - 50 - (375 - 390)
-33
Calculate 12 + 5 + -5 + -10.
2
What is the value of 3 + 7 + (-36 - (-36 - 14))?
24
Evaluate 1642 + -1637 + 6 + 3 + (0 - 0).
14
What is the value of 17 - ((12 - 23) + 13)?
15
What is 0 + (4 - -13) + -28?
-11
What is (54 - (-4 + 26)) + -55?
-23
What is 3 + -7 - (9 - (21 + -16))?
-8
What is -1 + 12 + (7 + -10 - -10) + -13?
5
What is the value of -16 + (-19 - -6) + 19 + 12?
2
What is the value of 5 + 0 - (-7 + (-3 - -1))?
14
Calculate (-9 - 14) + 12 - -9.
-2
What is the value of (-31 - (19 - 6 - 24)) + -4?
-24
Calculate 42 + -33 + (1 - 4).
6
What is the value of -2 + 4 + (-6 - -8) - (4 + 0)?
0
(-29 - 36) + 40 + -1
-26
(19 - -44) + -47 + 10 + -1
25
What is -4 + -12 - -6 - -12?
2
Calculate 21 - (11 - -8 - 3).
5
(-402 - -409) + (-15 - -1)
-7
Calculate 2 + -37 + (-30 - -57).
-8
What is the value of 13 - (-4 + 12) - 19?
-14
Calculate -2 + 4 + 2 + 28 + -35.
-3
Evaluate 3 + -6 - (-1 + -3 + 5) - 7.
-11
-20 + 16 + -12 + 9
-7
What is 17 - (24 + -29 + (5 - 4) + -5)?
26
What is -37 + 30 + -16 - (-1 + (1 - 4))?
-19
Calculate 13 - (10 + -8 + (-7 - -13)) - 12.
-7
78 + -48 + (0 - 12)
18
Evaluate (1 - 0) + 8 + (22 - 33).
-2
Evaluate 15 - (17 + -22 - -10).
10
Evaluate (6 - 11) + 16 + (-5 - 0) + -7.
-1
Evaluate (-28 - -22) + 2 + 3 + 3 + 1.
3
What is the value of -4 + 8 + (5 - (6 - 3))?
6
-2 + 2 + 14 - 26
-12
Calculate 163 - 163 - ((-3 - -6) + -6 - 17).
20
Evaluate -8 - ((4 + -37 - 1) + 9).
17
Evaluate -5 + 6 + 9 + -4 - 32.
-26
What is the value of 2 - -18 - (604 - 590)?
6
Evaluate 31 + 13 + -43 + -9.
-8
What is the value of -1 + (2 + 6 - 8) + -14?
-15
Evaluate -1 + (2 - -3) - (-38 + (-3 - -45)).
0
What is -9 + -8 + 22 + -4?
1
Calculate -2 + -24 + 6 + 15.
-5
Evaluate 7 + (-6 + 3 + 5 - (7 + -4)).
6
What is the value of 5 + 19 + (-27 - -7)?
4
Calculate 2 + -5 + (13 + -47 - -16) + -4.
-25
What is -3 - -3 - (-23 - (7 + -21)) - 9?
0
Evaluate -16 + (-20 + 9 - -2) + (-7 - 1).
-33
Evaluate 24 - (30 - -34 - 36).
-4
What is the value of -1 + 4 - (2 + (17 - 3 - -1))?
-14
What is the value of 18 - (-3 + 7) - 5?
9
-2 - 2 - -8 - (-6 + 13)
-3
(-11 + 1 - 3 - -3) + 35 + -35
-10
Evaluate -11 + (-10 - -8) - -6.
-7
Calculate 7 + -8 - (-10 - (4 + -6)).
7
What is the value of (-2 + 2 - -6) + (706 - 706)?
6
What is the value of 5 + (0 + 19 - 13 - (2 + -2))?
11
What is 26 - ((-9 + 4 - 0) + 9 + -16)?
38
What is 22 + (-14 + 44 - 32)?
20
Evaluate -2 + -10 + (17 + -5 - 9).
-9
Calculate (5 - 2) + (-20 - -23) + 9 + -4.
11
What is the value of 4 + -11 + 0 - (-13 + 13)?
-7
What is 3 - (0 + -4 + (14 - (-6 - -23)))?
10
What is the value of -10 - (11 - (18 - -3))?
0
Evaluate -151 + 148 - ((-3 - -8) + -4 + 6).
-10
What is the value of 5 + -13 + 2 - -12?
6
What is the value of 0 - 0 - 6 - (4 + -23)?
13
Calculate -1 + 13 - (-46 - -53).
5
What is the value of -1 - -2 - 3 - -4?
2
Calculate 1 + -20 + 10 + -2 + 5 + -4.
-10
Evaluate -6 - 3 - (3 - (7 + 3) - -8).
-10
Calculate (12 + -8 - 28) + 47.
23
Calculate (18 - 1 - 4) + -9 + -2 + 5.
7
What is the value of 15 + -6 + -8 + -1 + 7?
7
What is (4 - -2 - (6 + -13)) + -36?
-23
Calculate 4 + 71 + -75 + (-4 - -2 - 16).
-18
(-36 - -25) + 17 + -8
-2
Evaluate 4 - (-12 + 1 + -4 + (-4 - -14)).
9
What is the value of -2 - (56 + -59 - (6 + (0 - 1)))?
6
Calculate -492 + 517 - (-2 + 1 + 0 - -1).
25
What is the value of (4 - 2) + 0 - (5 - (4 - -13))?
14
What is the value of 0 + 3 + -38 + (33 - -6)?
4
Evaluate -1 + -2 + -7 + 9.
-1
What is the value of -4 - (14 - (1 + 7 - 10 - 0))?
-20
What is -2 + -1 + 6 - (60 - 66)?
9
Calculate -15 + 0 + 3 + 2 - (-10 - -8).
-8
What is -40 + (0 + (4 - 8) - -13)?
-31
-9 - ((6 - -1) + (-11 - -2))
-7
What is the value of 8 - ((2 - 20) + -42 + 56)?
12
(-19 - (-29 + 11)) + -4
-5
(-15 - (-30 - -28)) + -13
-26
1167 - 1237 - (-45 - -1)
-26
What is the value of 1 + 1 + 12 + (47 - 35 - 11)?
15
What is 7 + 0 + (12 - (-29 - (-28 - -10)))?
30
What is the value of 14 + -6 - (4 + -7 - 6)?
17
What is -2 + -1 - (2 + 13 + -7)?
-11
What is -6 - (-7 - -1 - (-13 - 0)) - -7?
-6
Evaluate -12 + -9 + (18 - -10) + 2.
9
Evaluate (-2 - (-15 + -3 + -1)) + 3 + -6.
14
1 - 0 - (-5 - (2 + -4 + -5))
-1
31 + (9 + -21 - -12 - 11)
20
Calculate -59 + (13 - 32 - -42).
-36
Evaluate -3 + (0 - -2 - 0) - 2.
-3
What is the value of -41 - -35 - (-16 - -7)?
3
What is 4 - 2 - ((-2 - -4) + -1 - 9)?
10
What is the value of 4 - (-1 + (19 - 12) + (-2 - 8))?
8
Calculate 0 + -7 + (24 - 9).
8
What is the value of 22 - 24 - (-12 - -1)?
9
Evaluate 213 + -228 - (-1 + (1 - 3)).
-12
Evaluate -6 - ((-10 - -8) + 21 + -7 + -15).
-3
Calculate -78 + 79 - (-13 + (4 - 4)).
14
What is 2 + 0 + 5 - (296 - 298)?
9
(-3 - -3) + (-121 - -113) - (-1 + -2)
-5
What is the value of 33 + 17 + (-55 - -2)?
-3
What is the value of -3 - (12 + -18) - (-4 - (-12 - -6))?
1
-13 + 10 - (25 + -13)
-15
What is (15 + 24 - 31) + (2 - -3) + 7?
20
What is the value of -7 - ((3 - 9) + 2 + -11)?
8
What is -16 + (16 - (-7 - (-1 - 16)))?
-10
What is the value of -8 - -1 - (-7 + 15 + 1)?
-16
Evaluate 2 + -4 + (56 - 35).
19
What is (5 + -8 - (0 + -11)) + (-32 - -30)?
6
Calculate -29 + 36 + -10 + 4 + -1.
0
What is 0 + (-1 - 1) + 13 - (-358 + 354)?
15
1 + -1 - (-30 - (-22 + -16))
-8
-12 - -27 - (-7 + (21 - 1))
2
What is the value of 5 + (-8 - -12) + (-3 - (-4 - -6))?
4
Evaluate -21 - (-36 + 20) - -21.
16
Evaluate 1 + -2 + (-7 - (-10 + 11)).
-9
What is the value of 33 + -1 - (-3 + 20)?
15
What is -113 - -152 - (12 + -5)?
32
What is the value of -1 + (5 + -2 + 0 - (7 + -2))?
-3
Evaluate -29 + 41 + -17 + 18 + 1 + 1.
15
What is -5 + 8 + (-1 - (2 + (3 - 5)))?
2
What is 13 + -6 + -13 + 2?
-4
What is the value of -6 - -8 - 0 - (-13 + (4 - 0))?
11
Calculate 3 - ((-3 - (-3 + -3 - -7)) + 4).
3
What is the value of (-2 - (2 - -9)) + 0 + 2?
-11
10 + (-8 - 21) - (3 + 0 - 12)
-10
Evaluate -3 - (-57 + 45 + (12 - 1)).
-2
What is the value of -7 + -1 + (44 - 22 - 13) - -22?
23
-14 - (-16 + 